f). Determine o(1).
4
Let o(v) be the third derivative of v**7/5040 - v**6/720 + 11*v**5/60 - 13*v**2. Let d(c) be the third derivative of o(c). Give d(1).
0
Let n(q) = -q**2 + 15*q - 42. Let v be n(3). Let k(s) = -s**3 - 8*s**2 - 7*s - 2. What is k(v)?
-32
Let p(m) = 3*m + 2. Let w be -3 + (2 - (-1 - -3)). Let q be 5*(-6)/(-15) - (2 - 0). Let s be w*((-4)/(-6) - q). Give p(s).
-4
Let t(w) = w + 11. Let d be (-18)/10*430/129. Calculate t(d).
5
Let t(i) be the third derivative of -i**5/60 - 5*i**4/24 - 2*i**3/3 + 26*i**2. Calculate t(-6).
-10
Let s(r) = 74 - 142 + 70 - 6*r. What is s(-5)?
32
Let x(u) = -4*u**2 - 16*u + 3. Let o(g) = g**2 + g + 2. Let r(k) = 3*o(k) + x(k). Calculate r(-12).
21
Let j(h) be the third derivative of -h**6/120 + h**4/8 - h**3/6 + 83*h**2. Let d = -10 + -5. Let z be 0 + 5/(d/(-6)). What is j(z)?
-3
Let i be 2/(-6)*16*3/(-2). Let m be 0 - (i/(-6) - (-6)/(-9)). Let u(b) = b**3 - 2*b**2 + 2. Calculate u(m).
2
Let z(v) = -v**2 - 5*v - 13. Let m be 1*(-2)/(1/(-5)*2). Let d(j) = -j**2 - 4*j - 14. Let p(w) = m*d(w) - 6*z(w). Determine p(-6).
-16
Let n(q) be the first derivative of q**2 + 3*q + 4. Give n(-3).
-3
Let g(o) = o**3 + 12*o**2 - 10*o + 29. Let z be (8 - -31)/(-3 - 0). Calculate g(z).
-10
Let r = 457 - 453. Let u(q) = 1 - 3*q - 1. Give u(r).
-12
Let m be (9 + -5 - 4)/1. Let r(p) = -24*p - 24*p - 2 + p**2 + 47*p + m*p**2. Give r(-2).
4
Suppose -4*z = 2*a - 52 - 40, 2*z = 2*a - 74. Suppose y + 32 = -4*w, 4*w - 2*y = -w - a. Let q = w - -11. Let d(p) = p**2 - 3*p + 1. What is d(q)?
1
Let g = 6 - 3. Let v(n) be the second derivative of -n**3/6 - 2*n**2 + 72*n - 4. Calculate v(g).
-7
Let o(i) = i**3 + 4*i**2 - 6*i - 1. Suppose 3*p + 51 = -4*b, 2*b - 3 - 3 = 0. Let t = p - -5. Let g = 11 + t. Give o(g).
4
Let d(i) be the second derivative of i**4/12 - 2*i**3/3 + 3*i**2/2 - 154*i. Give d(2).
-1
Let d(s) = -3 + 7*s + 6 + 8 - 6*s. Determine d(0).
11
Suppose -6*f = -18 - 12. Let g(c) be the third derivative of -c**6/120 + c**5/10 - c**4/3 + 5*c**3/6 + c**2. Give g(f).
-10
Let v(p) = 155 - 76 + 3*p - 80 - p**2. Calculate v(1).
1
Suppose 5*u + 4*j = 11 - 1, -3*j + 6 = 3*u. Suppose -3*v + 2*v = -u. Let z(q) = -2*q**3 + 3*q**2 - 2*q + 3. What is z(v)?
-5
Suppose 4 = v - 1. Suppose -4*q - 12 = 3*w, w = -w - 8. Let f(s) = -v + 2 + 8 + q*s - s. Calculate f(6).
-1
Let h(q) = q**3 + 10*q**2 + 10*q + 6. Let y(d) = 7*d + 45. Let a be y(-6). Suppose 6*l + 51 = -a. What is h(l)?
-3
Let r(a) = -2*a - 4. Let z(t) = 1. Let w(l) = -l + 3. Let c be w(7). Let o(m) = c*z(m) - r(m). Suppose -h + 9*h = 8. Calculate o(h).
2
Let w(p) = -3*p + 4. Let a be (10/(-15))/((1 - 3)/6). Suppose -3*z + 4*m + 1 = 0, -a*z = -2*m + 5*m - 12. Determine w(z).
-5
Let c(k) = -31*k**3 - 20*k**2 - 29*k + 17. Let w(l) = -7*l**3 - 5*l**2 - 7*l + 4. Let g(i) = 2*c(i) - 9*w(i). Let h be -5 + (2 + -2 - -1). Calculate g(h).
-6
Suppose 4*w - 63 = -4*n - 19, -5*n + 25 = 0. Let u = 10 - w. Let r(d) = 2 - 6*d + u*d - 4*d. Determine r(2).
-10
Let d be 4 + (-5 - (1 - 1)) + 2. Let n(u) = 3*u - 2. Give n(d).
1
Let m = -16 + 38. Suppose -3*i - 3*j = -0*j - 39, -m = -2*i - j. Let r(b) = -2*b - 5*b**2 - b**3 - 3*b**2 + 2 + i*b**2. Give r(2).
-6
Let p(d) = -d**3 - 11*d**2 - d - 3. Let c = -1310 + 1299. Give p(c).
8
Let i be -4*(-2)/(-8)*3. Let a(n) = -35*n**2 + 95*n**2 - 30*n**2 - 29*n**2 + 1 + 2 + 5*n. Calculate a(i).
-3
Let s(y) = -3*y**3 - 38*y**2 + 13*y + 2. Let g be s(-13). Suppose -1 = -2*j - v - 0, -j + 8 = -2*v. Let f(c) = -2*c + j*c**2 + c + 3 - 2 + c**3. Give f(g).
15
Let p be (-1 - -16)/3*116/20. Let s(t) = 16*t**2 - 2*t - p*t**2 + 15*t**2. Determine s(4).
24
Suppose -o - 6 = 4*o + 3*q, -10 = 5*o + 5*q. Suppose -f + 2*a + 12 = o, -5*f + 42 = -5*a - 3. Let c(d) = 7 + f*d - 4*d - d. Determine c(-4).
3
Let i(k) = -k**3 + k**2 + 5*k - 3. Let c be (-1)/(1/(2 + 22)). Let h be 2/((-4)/c*4). What is i(h)?
-6
Let j(z) = z**2 + 12*z - 18. Let g be j(-14). Let v = g + -6. Let n(k) = 4 - 5*k - 2*k + 2*k**2 + 0*k**2. Calculate n(v).
8
Let y(t) = 53*t - 101*t - 3*t**2 + 47*t - t**2 + 3 - 2*t**3. What is y(-3)?
24
Let l(a) = 4 - 4*a + 4 - 10 + 6*a. Let q(k) = 3*k - 2. Suppose 5*v - 4 = 3*v. Let u be q(v). What is l(u)?
6
Let i(k) = -k**2 + k + 1. Let h(a) be the third derivative of a**6/120 - a**5/30 - a**4/12 - a**3/3 - 15*a**2. Let n(w) = -h(w) + i(w). Give n(-2).
9
Suppose -10 = -2*q, 0*b + 4*b - 5 = -q. Let f(k) = 4*k**3 - 185 + k - 5*k**3 + k**2 + 177. Give f(b).
-8
Let d(r) = -r + 10. Let c(j) = 3*j - 8. Let l(h) = -h - 1. Let s(g) = c(g) + l(g). Let i be s(9). Let w be i - (2 - (-6 + 4)). Give d(w).
5
Let a be (-18)/(-5)*40/16 - 1. Let p(q) = -q**2 + 7*q + 11. Give p(a).
3
Let j = -22 - -29. Let u(a) = -11*a - 6*a + j*a. What is u(-2)?
20
Let g(t) = -t + 0*t**2 - t**2 - 4 + 0*t. Let s be g(0). Let y(j) = -j**2 + 1633*j - 63 - 1638*j + 60. What is y(s)?
1
Let d(w) = -8694*w - 3*w**2 - 4 + 8695*w + 2*w**2. Let g be 2 + -2 - -1*2. Let r = 5 - g. Calculate d(r).
-10
Let o(w) = w**2 - w. Suppose -5*q + 4 + 7 = -i, -5*i = 4*q - 3. Calculate o(q).
2
Let j(f) = f**3 + 4*f**2 - 6*f - 6. Suppose -5*b - 2*g = 3*g + 5, -32 = 4*b - 3*g. Calculate j(b).
-1
Let y(d) = d. Let l(q) = q**3 + 5*q**2 - q - 5. Let s be l(-5). Suppose -4*p = 3*f - 2*f + 34, 4*f - 2*p + 82 = s. Let v be (-4)/f + (-138)/33. Determine y(v).
-4
Suppose 8*t - 48 + 80 = 0. Let m(n) = n + 2. Give m(t).
-2
Let c = -3 + 4. Let b(r) = 68*r**2 + 5*r**2 - 68*r**2. Determine b(c).
5
Let i(y) = 3*y - 27. Suppose 0 = 29*t - 24*t - 40. Determine i(t).
-3
Let q(k) be the first derivative of -k**4/4 - 7*k**3/3 + k**2 + 7*k + 32. Suppose -2*v + 12 = -3*a - 11, 0 = -v + 1. Give q(a).
-7
Let y(r) be the first derivative of 1/2*r**2 + 13 + 2*r. What is y(-2)?
0
Let f be 2/7 - (-94)/14. Let l = f - 9. Let a(c) be the third derivative of -c**5/30 - c**4/24 + c**3/6 - 2*c**2. What is a(l)?
-5
Suppose -3*m = -16 + 1. Let y be 1/(0 + 2) - 27/(-2). Let s(r) = -y + 12*r - 13*r + 13. Give s(m).
-6
Let p be (-1292)/(-476) + (4/14 - 0). Let w(h) = -3*h**2 + 1 + p + 9*h**2 - 5. Calculate w(1).
5
Let b(x) = 5*x**3 + 19*x**2 - 5*x. Let v(w) = -4*w**3 - 17*w**2 + 5*w - 1. Let k(r) = 5*b(r) + 6*v(r). Suppose 4*q - 18 = q. Give k(q).
-12
Let g(d) = 505*d**2 + 9 + 16*d - 12*d - 506*d**2. What is g(5)?
4
Let q(g) = -11*g + 13. Let r(p) = -8*p + 11. Let s(z) = 2*q(z) - 3*r(z). Let c = -29 + 19. Let n = 16 + c. What is s(n)?
5
Let a(d) = -d**3 + 7*d**2 - 5*d - 1. Let w be a(6). Let p(i) = 2*i - 1. Let l be p(3). Suppose l*m - w = 4*m. Let g(j) = j**2 - 6*j + 6. Determine g(m).
1
Let p(i) be the first derivative of i**5/12 - i**4/24 + 7*i**3/3 + 11. Let r(z) be the third derivative of p(z). Calculate r(1).
9
Let d(z) = -z**2 - 12*z - 2. Let q be (-22 - -32)/(-5 - -4). Give d(q).
18
Let s(z) = z**2 - 5*z + 4. Let t be (0 - (-4)/(-10)) + (-135)/(-25). Let h be s(t). Let v(b) = -b**3 + 5*b**2 - 3*b - 2. What is v(h)?
2
Let u(i) = 3*i**3 - i**2 - i + 1. Let l be u(-1). Let a be (l/(-4))/(2/72). Let h = a - 17. Let n(f) = f. Determine n(h).
1
Let h(d) be the first derivative of d**4/4 + 2*d**3 - 2*d**2 - 5*d - 2. Let g be h(-6). Let q be 12/42 + g/7. Let w(k) = -k + 1. Determine w(q).
-2
Suppose 0 = -4*w + 3*x + 9, -w - 7 = 2*w - 5*x. Let t(q) = q + 1. Calculate t(w).
7
Let j(r) = -7*r**2 - 5*r - 19. Let k be (-19 + 14)*(-2)/2. Let w(q) = -4*q**2 - 2*q - 10. Let h(f) = k*w(f) - 3*j(f). Give h(-5).
7
Let g(p) be the first derivative of p + 3/2*p**2 + 1/3*p**3 - 19. Let w(k) = 3*k**3 + 2*k**2 + k. Let r be w(-1). Determine g(r).
-1
Let r(n) = 14*n**3 - 3*n**2 - 5*n + 10. Let m(i) = 12*i**3 - 3*i**2 - 4*i + 8. Let o(u) = 5*m(u) - 4*r(u). Let d be ((-2)/6)/(4/(-24)). Calculate o(d).
20
Let a be (9 + 17/(-2))*6. Let p(k) = -5*k**2 + 5*k - 6. Determine p(a).
-36
Let z(g) be the second derivative of g**2 + 1/12*g**4 - 1/6*g**3 + 13*g + 0. What is z(2)?
4
Suppose 0 = -2*s + s - 2. Let p(l) = 3*l + 10. Let c be p(-5). Let k(n) = -12*n + 1. Let r(b) = 18*b - 2. Let h(w) = c*r(w) - 8*k(w). What is h(s)?
-10
Let m(c) = -c**3 + 5*c**2 + 5*c. Suppose -3*l - 2*l + 336 = -b, 4*b + 4 = 0. Suppose -l + 55 = -2*d. Give m(d).
-6
Let b = 8 - 4. Let g(j) = 2. Let i(w) = w - 7. Let n(c) = -4*g(c) - i(c). Give n(b).
-5
Let a(j) = 7*j**2 + 71*j + 12. Let v be a(-10). Let c(u) be the seco